z(v).
6
Let y = 37 + -38. Let o(c) = 9*c**2 - 2*c - 1. Calculate o(y).
10
Let j(n) = -8 + 7*n + 13 - 2*n**3 - n**3 - 5*n**2 + 2*n**3. What is j(-6)?
-1
Let q(c) = -c + 1. Let m be q(-5). Let r be (-1)/2*(-60)/m. Suppose -r*n + 10 = -3*n. Let t(y) = y**2 - 5*y + 5. What is t(n)?
5
Let c = -18 - -21. Let v(k) be the second derivative of k + 1/20*k**5 - 1/2*k**c + 0 - 1/6*k**4 - 2*k**2. Give v(3).
-4
Let l(i) be the first derivative of i**4/2 - 2*i**3/3 + i + 23. What is l(-1)?
-3
Let h(d) = -9*d**2 + 2*d + 6. Let n(b) = -b**2 + 1. Let p(i) = h(i) - 5*n(i). Let z be (0 + -1)*(-16 + 17). Give p(z).
-5
Let r(m) = 5*m**3 - m**2 + m - 1. Let t(h) = -6*h**3 + 2. Let p(f) = 5*r(f) + 4*t(f). Suppose -n + 2 = 3. Let j(s) = -s. Let l(b) = n*p(b) - 3*j(b). Give l(4).
5
Let o(l) = -2*l**2 + l - 3. Let p be -6*(-5)/20*2. Calculate o(p).
-18
Let k(z) = z + 5. Let n = -5 - -10. Let i = -1 + n. Suppose i*o + 7 = -9. What is k(o)?
1
Let k(x) = -x - 2. Suppose 0 = 2*y + 3*y - 20. Let q be (-1)/2 + 2/y. Let c = -5 - q. Determine k(c).
3
Let a(r) be the third derivative of r**7/840 + r**6/360 + r**5/120 - 13*r**4/24 - 3*r**3/2 - 6*r**2. Let t(k) be the first derivative of a(k). Calculate t(0).
-13
Let w be (-2)/4*(-3 - 1). Suppose w*b + 3*b = 0. Let l = b - -3. Let o(c) = -2*c + 4. Give o(l).
-2
Let l(q) = -q**3 - 3*q**2 + 2*q + 1. Let v = -5 - -3. Let o be (4/v)/(2/3). Calculate l(o).
-5
Let t be (-4 - -6)/(1/2). Let g(y) = y + 2 + t - 5. What is g(-3)?
-2
Let c(n) = 5*n**2 - n + 6. Let r(h) = -4*h**2 + 2*h - 5. Let q(u) = 5*c(u) + 6*r(u). Give q(-7).
0
Let y(r) = r**2 + 2*r - 1. Let f be y(-3). Let w(i) = f + 0 + 1 + 1 + i. What is w(-4)?
0
Suppose -2*y + 3*b - 5 = 0, 2*y - 5*y - 5*b = -40. Let o(i) = 3 + 35*i**3 - 34*i**3 - 4*i**2 - 9 - 5*i. Determine o(y).
-6
Let s(u) = 5*u**2. Suppose 0 = -2*t + 4*t - 10. Suppose 3*h - t = -2*p, -h - 3*h = -4. Give s(p).
5
Suppose 26 = -10*v + 96. Let c(r) = r**3 - 6*r**2 - 6*r - 5. Give c(v).
2
Let m(u) = 10*u**2 + 2*u + 1. Suppose 0 = -2*h + 6 + 2. Suppose 24 = h*r + 4. Suppose -a = -0*a - r, -b - 3*a = -14. What is m(b)?
9
Let n(f) = -f**2 + 1. Suppose -2*d = -4*d - 5*q - 31, 0 = -4*d + 5*q + 13. What is n(d)?
-8
Let a(t) = 2*t**2 + 3*t + 2. Suppose c + 9 = 5*v - 1, -3*v - 5*c + 34 = 0. Let k be 3 - v/9*3. Let g be -1*(1 + k) + 0. Determine a(g).
11
Let t(u) = -8*u**2 + 1. Let p(g) = 14*g**2 + g - 3. Let c(r) = 3*p(r) + 5*t(r). Give c(-3).
5
Let g(x) be the third derivative of -1/60*x**5 + 0 + 0*x - 5/6*x**3 + 7/24*x**4 - x**2. Calculate g(6).
1
Let k(j) = -4*j + 1. Let m = 7 + -2. Suppose 0 = -4*p + m*x + 3, -3*p + 3*x + 2*x + 1 = 0. What is k(p)?
-7
Let w(g) = g + 13. Let r(l) = 3*l + 33. Let b(k) = 5*r(k) - 12*w(k). Let t(m) = m**2 + 9*m - 6. Let v be t(-9). Give b(v).
-9
Let g(h) be the second derivative of h**4/3 - h**2/2 - 3*h. Give g(-1).
3
Let q be 6/33 - 80/(-44). Suppose -q + 5 = 3*m. Let s(y) = 8*y**3 - y**3 - 3*y + 1 + y + y**2. Calculate s(m).
7
Let q(z) be the first derivative of 1/2*z**2 - 4*z + 2. What is q(0)?
-4
Let f(j) = j**3 + 5*j**2 - 6. Let m(l) = 3*l**2 + 1 + l**3 - 3*l**2 + l**2 + 0 + l. Let t be m(-2). Determine f(t).
-6
Let z(u) = 0*u + 2 + 0*u - u**2 + 3366*u**3 - 3365*u**3. Determine z(2).
6
Let s(z) = 3*z**3 - 5*z**2 + 2*z - 3. Let p(x) = x**2 + 1 - x - 3*x**2 - x**3 + 4*x**2. Let b(f) = -5*p(f) - 2*s(f). Determine b(2).
-5
Let c = -47 + 74. Suppose 19 = -4*j + m, -4*j - m + 6 = c. Let u(d) = d**2 + 3*d - 5. Calculate u(j).
5
Let y(x) be the first derivative of x**4/12 + x**3 - x**2 - 2. Let a(u) be the second derivative of y(u). Let t = 7 - 12. What is a(t)?
-4
Let l(w) = w**2 - 5*w + 2. Let y(c) = 2*c + 17. Let j be y(-6). Calculate l(j).
2
Let f(p) = -p**2 + 2*p + 26. Let y be f(6). Let o(v) = 6*v - 2. What is o(y)?
10
Let b(s) = 4*s + 8. Let x(a) be the second derivative of -5*a**3/6 - 9*a**2/2 + 3*a. Let z(y) = 4*b(y) + 3*x(y). Determine z(-6).
-1
Let p = 37/488 + 3/61. Let u(x) be the third derivative of 0*x + 2*x**2 + 0 - p*x**4 + 1/60*x**5 + 1/2*x**3. Calculate u(2).
1
Let z(v) = -v**2 + 2*v + 5. Let w = -35 + 31. Calculate z(w).
-19
Let z(p) = -5*p - 1. Let n = -28 - -29. What is z(n)?
-6
Let j(l) = -l**2 + 2*l + 3. Let b(q) = q + 17. Let z be b(0). Let r = z + -12. Suppose 3*x = -2*k - 4 - 4, -x = -r*k - 3. Determine j(x).
-5
Suppose 0 = -v + 5*t + 13, 3*v = -v - t + 10. Let j(f) = 1 + 3*f + 0 + v*f. Calculate j(-1).
-5
Let j(o) = -11*o**2 - 5*o - 11. Let t(w) be the second derivative of -5*w**4/12 - w**3/3 - 5*w**2/2 - w. Let a(n) = -6*j(n) + 13*t(n). What is a(-4)?
1
Let d = -8 + 14. Let f be 3/(3/d*3). Let g(z) = -z + 4. Calculate g(f).
2
Let v(q) = -q + 2. Let k(b) = 2*b - 5. Let p(n) = -4*k(n) - 9*v(n). Let l(g) = 7*g**2 + 2*g. Let o be l(-2). Let r be -3*(o/9)/2. Calculate p(r).
-2
Let d(n) = -n**2 - 5*n**3 - 2*n - 2 + 0 - 3*n**2 + 4*n**3. Determine d(-4).
6
Let u(t) = t**2 + 3. Suppose 0 = 2*w - 6 - 0. Suppose 0*m = w*m. Determine u(m).
3
Let a(r) be the second derivative of r**3/2 - 3*r**2/2 + 10*r. What is a(3)?
6
Let h(r) be the second derivative of -r**3/6 - r**2 - 3*r. What is h(-6)?
4
Suppose 5*x - 2*x = 9, 49 = -5*z + 3*x. Let v be z*(15/(-6) - -2). Let t(b) = b + b - b - 5. What is t(v)?
-1
Let w be ((-12)/(-3))/4*3. Let c(n) = -n**2 - n + 6. Calculate c(w).
-6
Let l(b) = -b**3 + 5*b**2 + 3*b - 6. Suppose 2*j - 49 + 39 = 0. Give l(j).
9
Let l(g) = 0*g**3 - 3*g**2 - g**3 + 6*g - 5*g + 9 - 13. What is l(-3)?
-7
Let g(l) = 2*l - l**2 + 8*l - 2*l. Give g(7).
7
Let r(p) = -2*p - 2. Suppose 3*u = -4*j - 7, -3*u - 4 = -0*j + j. Let g = u + -1. Let y be r(g). Let m(v) = 2*v**3 - 3*v**2 + 2. Determine m(y).
6
Let o(q) = q**3 - 8*q**2 + 2*q - 9. Suppose 0 = 4*y + 10*y - 112. Calculate o(y).
7
Suppose -2*x = -1 - 3. Let a(k) = x*k + 2*k + 0*k. Determine a(-2).
-8
Let z(v) = -v**3 + 8*v**2 + 10*v - 8. Let s = 10 - 4. Let k be (6/4)/(1/s). Let p be z(k). Let b(j) = 3*j**3 + j**2 - 1. Determine b(p).
3
Let t(h) = -2*h - 3. Suppose 0 = -3*a + 4 + 5. Suppose 12 = -6*g + a*g. Calculate t(g).
5
Let w(s) = 23 - s - 12 - 18. What is w(-6)?
-1
Let a(d) = -15*d**2 + 7*d - 1. Let o(c) = -16*c**2 + 8*c - 1. Let w(h) = -6*a(h) + 5*o(h). Let p be (-2 - 5/(-2))*2. Determine w(p).
9
Let o be 2 + -1 - (-6 - -5). Let x be (-2)/o - -3 - 6. Let k(t) = -2*t - 5. Determine k(x).
3
Let r(b) = b - 1. Let x be r(4). Let c(n) = 0*n - 1 - x - 3*n. Calculate c(3).
-13
Let s(x) = x**3 + 6*x**2 + 5*x - 3. Suppose -1 - 4 = u. Determine s(u).
-3
Let u(w) = w. Suppose -3*d + d = 0. Calculate u(d).
0
Let c(n) = -n**3 - n**2 + n + 2. Let j be c(0). Let w(q) = -1 + 3*q**2 + 4 - 2*q**2 - 4. What is w(j)?
3
Suppose -2 = -3*j + 10. Suppose 1 + j = s. Let i(g) = g + 3. What is i(s)?
8
Let b(m) = 5*m + 2. Let c(z) = 11*z + 4. Let y(k) = 9*b(k) - 4*c(k). Give y(0).
2
Let f(v) = v**3 - 5*v**2 + 5*v - 3. Let p be (-75)/(-20) + (-1)/(-4). What is f(p)?
1
Let l(x) = x**2 + x. Let v be l(-1). Let a(h) be the second derivative of -h**3/6 - 2*h**2 + 3*h. What is a(v)?
-4
Let i(g) = -g**2 + g. Suppose -l - 5 + 3 = 0. Let n(r) = r**3 - 8*r**2 + 10*r - 5. Let f(x) = l*i(x) + n(x). Let b = 5 - 0. What is f(b)?
10
Let x be (-1)/(0 - (-3)/(-6)). Let a(s) = s**x + 2 + 2 + s - 4. Determine a(-1).
0
Let f(p) = -2*p - 2. Let n be (14 - 12)/(2/4) + 2. Determine f(n).
-14
Let o(b) = 6*b - 2 + 3*b**2 - 2*b**2 - 5*b + 0*b**2. Let d(q) = 0 - 4 + 1 - q. Let w be d(-3). Give o(w).
-2
Let f(g) = -g**2 - 5*g - 6. Let o = -24 + 38. Suppose -o = 2*u + 2*v, v - 2 + 4 = 0. Let d be (-1)/(-1)*(u + 0). Calculate f(d).
-6
Let l(a) = -a + 6. Let j be l(8). Let f be (18/4)/((-2)/(-4)). Let n be f/j - 1/(-2). Let h(y) = -y + 1. Give h(n).
5
Let u(j) = -j + 1. Suppose 3*t - 5*o = -6*o - 15, -2*t = -o + 5. Calculate u(t).
5
Let l(d) be the third derivative of -d**4/24 + 2*d**3/3 + 19*d**2. Determine l(-3).
7
Let n(b) be the first derivative of b**4/4 + 5*b**3/3 - 2*b**2 + 8*b + 9. Determine n(-6).
-4
Let p = -13 - -8. Let l(a) be the third derivative of -a**5/60 - a**4/12 + a**3 + 76*a**2. What is l(p)?
-9
Let t(z) = -z**2 - 3*z + 4. Let s(u) = -u**2 + u + 6. Let b be s(0). Let y = -9 + b. Give t(y).
4
Let u(q) = -q**3 + 2*q + 1. Let v(o) = -o**2 + 7*o - 8. Let w be v(6). Let a be u(w). Let y(t) = -t**3 + 4*t**2 + 4*t + 3. Calculate y(a).
-2
Let a(d) = 2*